he greatest common divisor of l and u.
4
Suppose 0 = -v + i + 135 + 31, -3*v - 5*i + 514 = 0. Calculate the highest common factor of 72 and v.
24
Suppose -19 = -2*s - 3*g, s + 4*g - 20 = -s. Let m be 805/10 + 4/s. Let q be (7 + 2)/1 + 0. What is the highest common divisor of m and q?
9
Let l be ((-150)/(-12))/((-3)/(-42)). Suppose b - 19 = l. Suppose 4*m - 3*n - b = 0, 7*m = 2*m - n + 252. What is the greatest common divisor of 10 and m?
10
Suppose -n = -3*h + 2*h + 15, 2*h - 4*n - 30 = 0. Suppose 13*y + 45 = 18*y. Suppose 3 = 2*z - y. Calculate the highest common factor of z and h.
3
Suppose -4*d = 2*h + 18, d = 5*d - h + 9. Let r be ((-6)/4)/(d/94). What is the greatest common factor of r and 235?
47
Let n(z) = 5*z - 48. Let h be n(15). Let u be h*30/18*3. What is the greatest common divisor of u and 9?
9
Suppose 4*y + 2*x + 0*x - 26 = 0, 3*y - 4*x = 47. Suppose 0 = 23*a - 8*a - 180. Calculate the greatest common divisor of y and a.
3
Let o(t) = 8*t**3 - 1. Let a be o(-1). Let z(y) = -3 - 8 - 1 - 2*y. Let i be z(a). What is the highest common factor of i and 6?
6
Let l(w) = 13*w**3 + 2*w**2 - 24*w + 64. Let a be l(4). Calculate the highest common factor of 65 and a.
13
Suppose 27 = 4*j - i, 2*i - 2 = j - 0. Let z = 269 + -263. Suppose -d + z = -j. What is the greatest common factor of 14 and d?
14
Let m be (-1 - -1)*(-6)/(-12) - 126. Let n = -88 - m. What is the greatest common factor of n and 95?
19
Suppose -3976 - 1673 = -3*d. Suppose 5*r - d + 588 = 0. What is the greatest common factor of 37 and r?
37
Let t be (-1 + 3 - (6 + -3))*0. Suppose t = -7*k + 76 + 92. Calculate the greatest common divisor of 36 and k.
12
Let m = 444 - -6. Suppose -i = -10*i + m. What is the greatest common factor of 25 and i?
25
Let u(p) = -6*p**2 + 21*p + 5. Let s be u(9). Let k = s - -442. Calculate the highest common divisor of 15 and k.
15
Suppose 2*y - 2*u = 36, y + 18*u - 20*u = 15. What is the greatest common divisor of y and 63?
21
Let w = 871 - 859. What is the greatest common factor of 57 and w?
3
Let z(i) = -8*i - 21. Let p be -1 + (-30)/(-42) + 47/(-7). Let v be z(p). Calculate the highest common factor of v and 5.
5
Suppose 13*v + 2379 = 11115. What is the highest common factor of v and 21?
21
Let n = 1 - -3. Let m = 149 - 147. Let p be ((-165)/60)/(m/(-32) + 0). What is the greatest common divisor of n and p?
4
Let v(r) = 2*r**2 + r + 7. Let w be v(-4). Suppose -5*t + 50 + w = 0. Suppose o + 3 - t = 0. Calculate the greatest common factor of 140 and o.
14
Let a(i) = i**2 + 9*i. Let p be a(-9). Let z be (-2 + -2)/(-8)*p. Suppose 3*s + 50 = 2*v, z = -0*s - s + 4. Calculate the greatest common divisor of 31 and v.
31
Let t be (((-384)/(-28))/16)/(408/399 - 1). Let x = 2 + 3. Suppose 96 = 7*n - 3*n - x*f, 73 = 3*n - 4*f. Calculate the highest common divisor of n and t.
19
Suppose -7168 = -28*r + 14*r. What is the greatest common divisor of 32 and r?
32
Suppose -a - 264 = -5*v, v - 9 = a + 43. Calculate the greatest common divisor of 1908 and v.
53
Let m(i) = 4 - 2*i - 3*i - i**2 + 11*i. Let x be m(5). Suppose 3*y + 399 = 5*g, -g = 2*g + 2*y - 247. Calculate the highest common factor of g and x.
9
Let h be 215/30 - 5/30. Let k = 18 - -45. What is the highest common factor of k and h?
7
Let r be -5*(8/(-10) + 2). Let b(f) = f**3 + 5*f**2 - 10*f - 9. Let k be b(r). Let q be (-602)/(-8) + (-6)/24. What is the highest common factor of q and k?
15
Suppose -n - f + 11 = 0, -2*n - 6*f + 23 = -3*f. Calculate the highest common divisor of n and 95.
5
Let s(l) = l**3 - 5*l**2 - l - 23. Let b be s(11). Calculate the highest common factor of b and 4.
4
Suppose 2*n + 120 = 3*n. What is the greatest common factor of n and 192?
24
Let q(l) = -l**2 - 11*l + 5. Let g be q(-5). Let n be (-6)/8 + (-220)/(-16). Let v = -8 + n. What is the greatest common factor of g and v?
5
Suppose 1891 - 445 = 3*g. Let j = 801 - g. What is the greatest common factor of 29 and j?
29
Let m = -244 - -77. Let l = m + 327. Suppose 0*x = 4*x - l. Calculate the greatest common factor of 10 and x.
10
Let v = 27 + -1. Let y be 1/(-2) + (-39)/v. Let t be 105 - (y - (-3 - -4)). Calculate the greatest common factor of t and 27.
27
Suppose 4*m + 110 = -m - 5*t, 4*t - 119 = 5*m. Let w = -16 - m. Let b be (861/84 + 16)*16/6. Calculate the greatest common divisor of b and w.
7
Let m(a) = -a**3 - 11*a**2 - 13*a - 20. Let n be m(-10). Suppose -3*b + 298 = 88. Calculate the highest common factor of b and n.
10
Let a be (-16)/(-3)*1071/68. What is the highest common divisor of 56 and a?
28
Let d(u) = 2*u**2 - 10*u - 12. Let z be d(9). Let b = -16 + 18. Suppose -r + 72 = b*r - 4*w, 4*r = 3*w + 89. Calculate the greatest common factor of r and z.
20
Suppose -14*r - 132 = -20*r. What is the highest common factor of r and 440?
22
Let m = -815 - -832. Suppose 5 = c + 4*j - 54, c + 5*j = 61. Calculate the greatest common divisor of c and m.
17
Let y(j) = 5 + 4*j + 2 + 4*j**2 - 6. Let p = 8 - 13. Let m be y(p). Calculate the greatest common divisor of 9 and m.
9
Suppose -3 = l + 2*l. Let h be (1 - 11)*(-2 - l). Suppose 5*m = -4*t + 87 + 28, -2*t = 5*m - 55. What is the greatest common divisor of t and h?
10
Let k = -201 + 205. What is the greatest common divisor of 156 and k?
4
Suppose s - 2*k - k - 34 = 0, -4*s - 5*k + 204 = 0. What is the highest common factor of 46 and s?
46
Let o = -22 + 37. Let x be (152/16)/((-2)/4). Let d = x - -24. What is the highest common divisor of o and d?
5
Let a(b) = b**2 - 5*b + 6. Let w be a(5). Let v be ((-3)/(-1))/(-2 - 15/(-3)). What is the highest common factor of w and v?
1
Suppose -7*r + 5*r - b = 456, -5*r - 2*b = 1139. Let q = r + 502. Suppose 0 = -3*c - 2*c + q. What is the greatest common factor of 22 and c?
11
Let o(a) = -6*a + 9*a - 2*a + 4 - a**2 - 2*a**3. Let x be o(-2). Suppose -z - 6 = -4*z. What is the highest common factor of x and z?
2
Let x(o) = -403*o + 59. Let p be x(-1). Calculate the highest common divisor of p and 42.
42
Suppose -2*g - 8 = -4*a, 2*g + 3*a - 4*a - 1 = 0. Suppose -g*m = -m + 2*s - 5, -s + 7 = 5*m. Let n = m + 31. What is the highest common factor of n and 16?
16
Let z = -1600 + 1564. Let t be (-226)/8 + (-2)/(-8). Let w be ((-21)/t)/((-3)/z). What is the greatest common factor of 72 and w?
9
Let j be 7 + 63 + 4/2. Calculate the highest common divisor of j and 96.
24
Suppose 814 = -17*d + 39*d. Calculate the greatest common divisor of 185 and d.
37
Let g be (14 + -15)/((-1)/60). Calculate the highest common divisor of g and 48.
12
Let j be (-21)/(-7) - (-2)/(-1 + 2). Suppose 0 = j*z, 128 = -g + 3*g + 4*z. What is the greatest common divisor of 4 and g?
4
Let n(z) = 14*z - 14. Let d be n(8). Suppose i = -i + d. Calculate the highest common factor of 392 and i.
49
Let i = 18 - -12. Let n = 108 + -103. Calculate the highest common factor of i and n.
5
Suppose -45*b - 1430 = -56*b. What is the highest common divisor of b and 25?
5
Let z = 39 - 82. Let k = z + 84. What is the greatest common divisor of k and 123?
41
Let q(x) = -x**3 - 2*x**2 + x + 3. Let y be q(-4). What is the greatest common divisor of 279 and y?
31
Suppose 8*q - 12 = 2*q. Suppose q*k - 2*u = 74, -u + 99 = 2*k + k. Calculate the greatest common divisor of 17 and k.
17
Suppose 588 = 4*s + 4*n, -n + 157 = s - 2*n. What is the highest common factor of s and 8?
8
Let u(v) = -v**2 - 14*v - 39. Suppose -29 = 5*w + 11. Let y be u(w). Let c be (1 - 3) + (-65)/(-1). Calculate the highest common divisor of y and c.
9
Let n(c) = -69*c + 293. Let l be n(3). What is the greatest common factor of 731 and l?
43
Let f be 4*3*(-5)/(-20). Suppose -4*z = -z + f*o - 3, 5*z - 3*o = 21. Calculate the greatest common factor of z and 12.
3
Suppose -5*h + 51 = -2*h. Suppose 4*v - 2*p - 22 = 0, -3*v + h = p - 2*p. What is the greatest common factor of 30 and v?
6
Let d = -201 + 211. Let r be 8/20 + 26/d. Let k = 10 + 23. What is the highest common divisor of k and r?
3
Let a(z) = 27 - z - 24 - 3*z**3 - 34*z**2 + 30*z**2. Let y be a(-2). Calculate the highest common divisor of y and 143.
13
Let r(x) = x**3 - 3*x**2 - 5*x + 2. Let n be r(4). Let t = -107 - -190. Let k be t + -13 + (n - -1). Calculate the highest common factor of 46 and k.
23
Let n(s) = -29*s**3 + 2*s**2 + 4*s + 3. Let p be n(-1). What